Calculate l(-33).
-14
Let x(f) = -13415*f - 1448769. Determine x(-108).
51
Let z(v) = 287*v**2 - 403*v + 111. Calculate z(1).
-5
Let g(t) = -8801*t**2 + 8472*t + 307. Give g(1).
-22
Let a(h) = 8*h**2 + 124*h - 51. What is a(-15)?
-111
Let a(u) = 838*u**2 + 11685*u - 31. Give a(-14).
627
Let x(h) = 87606*h + 3066212. Determine x(-35).
2
Let p(m) = -m**3 - 13*m**2 + 322*m + 1969. What is p(-23)?
-147
Let p(r) = 52*r**2 + 299*r + 602. Calculate p(-2).
212
Let i(j) = j**3 - 190*j**2 - 395*j + 2049. What is i(192)?
-63
Let g(p) = p**3 - 494*p**2 - 871*p - 60021. Determine g(496).
-5
Let u(b) = -450*b - 3634. Give u(-8).
-34
Let u(j) = -8*j**3 + 2925*j**2 + 1091*j + 1412. Determine u(366).
-1150
Let b(l) = 17*l**2 + 183*l - 2. Calculate b(-5).
-492
Let z(s) = s**3 - 90*s**2 - 137*s - 4353. Give z(92).
-29
Let z(x) = -61*x**2 + 381*x - 115. Calculate z(6).
-25
Let f(x) = -17510*x - 17545. Determine f(-1).
-35
Let j(i) = -i**3 + 9*i**2 - 2614*i + 20638. Calculate j(8).
-210
Let x(g) = 1771*g**2 - 680065*g + 372. Determine x(384).
-12
Let t(v) = v**2 + 359*v - 16942. Calculate t(-401).
-100
Let b(i) = 129*i**2 - 194*i - 60. What is b(2)?
68
Let c(g) = -51*g**2 - 4378*g + 815. What is c(-86)?
127
Let t(w) = 3*w**2 - 1262*w + 38172. Determine t(388).
148
Let z(m) = m**2 - 551140*m + 14880063. Give z(27).
12
Let f(g) = -4*g**3 + 31*g**2 + 168*g + 105. Determine f(-4).
185
Let q(r) = 3*r**3 + 168*r**2 - 4069*r - 98. Give q(19).
3816
Let i(q) = -4*q**3 - 41*q**2 - 687*q - 5812. Calculate i(-9).
-34
Let t(a) = -6817*a - 13642. Determine t(-2).
-8
Let z(r) = -2*r**2 - 1300*r - 120497. Give z(-538).
15
Let p(s) = -68*s - 6521. Determine p(-96).
7
Let x(l) = 10426*l + 33372. Determine x(-3).
2094
Let d(b) = 2331*b**2 + 13982*b + 63. What is d(-6)?
87
Let b(z) = 303995*z + 2735977. Give b(-9).
22
Let o(t) = -12688*t - 444071. Determine o(-35).
9
Let b(p) = -10734*p - 96559. Determine b(-9).
47
Let t(h) = -4669*h + 121377. Calculate t(26).
-17
Let b(u) = 7*u**3 + 36*u**2 - 457*u - 76. Calculate b(6).
-10
Let o(g) = 575*g - 17964. Give o(31).
-139
Let n(q) = q**3 - 10*q**2 + 2*q + 296. What is n(0)?
296
Let c(l) = -2208*l + 21974. What is c(10)?
-106
Let n(a) = -130305*a - 1693967. Calculate n(-13).
-2
Let h(m) = 6*m**2 - 3352*m + 75988. What is h(535)?
18
Let i(o) = 59*o**3 - 19*o**2 - 37*o + 15. Determine i(-2).
-459
Let q(c) = c**3 - 254*c**2 - 2103*c + 1816. Determine q(262).
-18
Let p(f) = -f**2 - 199634*f + 1197843. Give p(6).
3
Let s(x) = x**3 - 111*x**2 - 32519*x + 3609604. Determine s(111).
-5
Let p(z) = 2*z**2 - 4894*z + 9778. What is p(2)?
-2
Let h(b) = 2521*b**2 - 1737*b - 1736. What is h(-1)?
2522
Let f(j) = -934*j - 55128. Give f(-59).
-22
Let l(s) = -3085*s - 746589. Give l(-242).
-19
Let y(i) = 36*i**2 - 5699*i - 3935. Calculate y(159).
40
Let t(h) = -37379*h - 74723. What is t(-2)?
35
Let n(u) = 135*u + 14576. Calculate n(-65).
5801
Let b(c) = -82*c**2 + 796*c - 1131. What is b(8)?
-11
Let w(x) = 413*x**3 + 6*x**2 + 24*x - 18. Determine w(1).
425
Let o(s) = -36*s**2 - 2468*s + 56098. What is o(18)?
10
Let h(s) = 69*s**2 + 214*s + 871. Determine h(-4).
1119
Let m(w) = 3503*w + 21760. What is m(-6)?
742
Let y(m) = 6*m + 1496. Determine y(-49).
1202
Let f(l) = 19*l**3 - 110*l**2 + 5232*l - 31516. Calculate f(6).
20
Let z(q) = 2*q**3 - 29*q**2 - 45*q + 122. Determine z(17).
802
Let d(s) = -33*s**2 + 2112*s - 398. What is d(63)?
1681
Let d(b) = 1681*b + 153051. What is d(-91)?
80
Let y(v) = 2*v**3 + 82*v**2 - 641*v - 12654. Give y(-45).
-9
Let k(h) = 5566*h - 116893. Give k(21).
-7
Let o(m) = -508*m - 15016. What is o(-29)?
-284
Let r(i) = i**3 - 1089*i**2 - 8701*i + 609. Calculate r(-8).
9
Let r(j) = -4*j**3 - 79*j**2 + 457*j + 3640. Determine r(-23).
6
Let m(n) = -4*n**2 - 4755*n - 61120. Calculate m(-13).
19
Let w(p) = 5594*p - 2645963. Give w(473).
-1
Let t(u) = -u**3 - 10*u**2 - 18*u + 42. Determine t(-6).
6
Let w(l) = -3*l**2 + 52716*l - 52705. Give w(1).
8
Let j(k) = -k**3 + 131*k + 1470. Calculate j(15).
60
Let t(f) = 754*f + 80721. What is t(-107)?
43
Let r(g) = 15*g**3 - 25443*g**2 + 5119*g - 52574. What is r(1696)?
2
Let n(v) = v**3 - 28*v**2 + 61*v + 1093. What is n(24)?
253
Let i(s) = -2*s**3 - 500*s**2 - 2421*s + 145. Give i(-5).
0
Let f(c) = -13659*c + 300502. What is f(22)?
4
Let q(s) = -6*s**3 - 9*s**2 + 1282*s + 2551. Calculate q(-2).
-1
Let u(c) = -c**2 - 27341*c + 6786392. Determine u(246).
-10
Let g(h) = -30*h**3 + 27*h**2 + 21*h - 10. Calculate g(-3).
980
Let u(a) = 18*a**2 - 3344*a - 777. Give u(186).
-33
Let o(y) = y**2 + 264*y + 11862. Calculate o(-58).
-86
Let l(p) = -13*p**3 - 132*p**2 + 11*p - 135. What is l(-10)?
-445
Let i(l) = 32*l**3 + 352*l**2 - 57*l - 635. Calculate i(-11).
-8
Let n(c) = 2*c**2 - 18*c - 369. What is n(16)?
-145
Let g(y) = -33*y - 7372. Give g(-210).
-442
Let m(h) = 31384*h - 2950090. Give m(94).
6
Let p(x) = 2136*x - 6421. Calculate p(3).
-13
Let y(o) = -o**3 - 52*o**2 + 214*o + 78. Give y(-55).
-2617
Let r(l) = l**3 + 243*l**2 + 645*l - 17764. Determine r(-240).
236
Let x(w) = 8*w**2 + 94*w - 764. Give x(17).
3146
Let d(h) = 6*h**3 - 84*h**2 - 519*h + 3603. Determine d(17).
-18
Let r(y) = 245*y - 15623. What is r(58)?
-1413
Let l(u) = -6221*u - 80871. Determine l(-13).
2
Let q(u) = 728*u + 49235. What is q(-68)?
-269
Let h(m) = -137*m**2 - 6197*m - 52347. Determine h(-34).
-21
Let o(b) = 2*b**3 - 25*b**2 + 493*b - 3822. Calculate o(9).
48
Let u(q) = 3334*q - 13142. What is u(4)?
194
Let f(n) = n**3 - 888*n**2 + 126*n - 111886. Give f(888).
2
Let k(q) = -q**3 - 24*q**2 - 176*q - 2669. Calculate k(-23).
850
Let v(i) = 8922*i + 5100. Give v(-1).
-3822
Let r(z) = 77623*z - 776223. Calculate r(10).
7
Let b(k) = -47812*k + 4446525. Calculate b(93).
9
Let t(q) = 1748*q + 174728. Give t(-100).
-72
Let g(y) = -175255*y - 2453571. Give g(-14).
-1
Let r(a) = -35498*a - 177386. Determine r(-5).
104
Let v(x) = -2*x**2 + 15*x + 14418. Calculate v(89).
-89
Let o(c) = -869*c + 295. Give o(1).
-574
Let h(g) = 99*g**3 - 201*g**2 - 40*g + 74. Determine h(2).
-18
Let v(n) = -4*n**3 - 465*n**2 - 119*n - 185. Give v(-116).
163
Let p(t) = -24*t**2 + 174*t - 77. What is p(7)?
-35
Let v(u) = 10450*u - 41801. Calculate v(4).
-1
Let a(t) = 2*t**2 + 1000*t + 58743. What is a(-68)?
-9
Let j(z) = 16*z**2 - 485*z + 3767. Give j(13).
166
Let v(y) = -66268*y - 270. What is v(0)?
-270
Let n(u) = 34*u**3 + 240*u**2 - 632*u - 4526. What is n(-7)?
-4
Let t(d) = 6*d**3 - 100*d**2 - 204*d + 8. Calculate t(-2).
-32
Let y(k) = 81*k**2 - 36445*k + 36444. What is y(1)?
80
Let s(b) = -13242*b + 13244. Calculate s(1).
2
Let d(j) = -1271*j + 20295. Give d(16).
-41
Let p(m) = -m**2 - 5263*m - 68365. What is p(-13)?
-115
Let y(j) = -11*j**3 - 376*j**2 + 615*j - 3777. Give y(-36).
3
Let z(j) = 243*j - 22775. Determine z(94).
67
Let h(t) = 10*t**3 + 250*t**2 - 15*t - 324. What is h(-25)?
51
Let n(c) = -c**2 + 1200023*c + 4800113. Give n(-4).
5
Let i(t) = 3010*t - 2426067. Calculate i(806).
-7
Let l(w) = w**3 + 13*w**2 - 174*w - 1176. What is l(-19)?
-36
Let c(i) = 2*i**2 + 1011*i + 8151. Calculate c(-8).
191
Let f(w) = w**3 + 2817*w**2 - 5643*w - 1. Calculate f(2).
-11
Let t(i) = -i - 1033. Give t(-37).
-996
Let c(p) = 4547*p + 536540. Give c(-118).
-6
Let p(a) = -24064*a - 24827. Give p(-1).
-763
Let w(p) = -24588*p - 909809. Calculate w(-37).
-53
Let n(j) = 11*j**2 - 1730*j + 1694. Determine n(1).
-25
Let c(f) = -26486*f + 133221. What is c(5)?
791
Let s(d) = -5*d**2 + 167*d - 348. What is s(31)?
24
Let j(f) = -1660*f**3 - 5*f**2 + 14*f + 18. What is j(-1)?
1659
Let c(w) = w**3 + 98*w**2 - 4991*w + 560. Calculate c(-135).
20
Let o(p) = 370*p + 12483. What is o(-34)?
-97
Let m(c) = -4427*c - 1009397. What is m(-228)?
-41
Let v(j) = -97607*j + 21863981. Give v(224).
13
Let n(w) = 473*w - 6739. Determine n(15).
356
Let a(o) = 46*o + 3221. What is a(-64)?
277
Let d(r) = 3*r**3 - 1793*r**2 - 9041*r + 5. Determine d(-5).
10
Let f(y) = -y**3 + 22*y**2 - 23*y + 356. Give f(22).
-150
Let x(r) = 1191*r + 21110. Calculate x(-18).
-328
Let z(h) = 55*h**2 - 3682*h - 250. Give z(67).
-49
Let b(j) = -2*j**3 - 11*j**2 - 14*j - 10. Determine b(-3).
-13
Let b(c) = c**3 - c**2 - 151*c + 157. What is b(13)?
222
Let d(k) = 8*k**3 + 9*k**2 - 5*k - 35. Determine d(-